+ r - 474. Suppose 5*o - p + 110 = 2*h, -4*o = 2*h - 298. Is o prime?
False
Suppose 0*k + 4806 = 2*k - i, -5*i = 10. Is k prime?
False
Suppose -3*p = 2 + 7. Let l = 7 - p. Suppose -g + i - l = -2*g, -5*g + 46 = 4*i. Is g a composite number?
True
Let d = 6 + -2. Suppose 486 + 230 = d*x. Is x prime?
True
Let u = 100 - 36. Let o = 99 - u. Is o composite?
True
Suppose 4*q + 14 = 2*g + 6556, -5*q - 4*g = -8197. Is q a prime number?
True
Let w(f) = f**2 - 6*f - 3. Let a be w(6). Let r be a/(((-9)/42)/1). Suppose 3*t + 3*q = 7 + r, -5*t + 14 = -2*q. Is t a composite number?
True
Let k = 1 - -1. Let b be -2 + k - (-133 - 1). Let x = -85 + b. Is x composite?
True
Let v = 67 - 104. Let i(x) = -21*x + 2. Let u be i(-4). Let d = v + u. Is d prime?
False
Let b = 166 + -47. Let f = 201 - b. Is f prime?
False
Let p = 34 - -19. Let r = p - -36. Is r a composite number?
False
Let n = 4 - 1. Suppose 3*y - 220 = -2*x + 4*y, -6 = n*y. Is x prime?
True
Suppose 2*q + 11 + 23 = 3*s, -s + 23 = -3*q. Suppose 0 = -5*o + s + 37. Suppose 162 = 5*t + 4*l, 5*l = -t + 15 + o. Is t a prime number?
False
Suppose 5*y - 218 = t, 5*t - 3*y = 2*t - 678. Let l be 0 - t - (-2 - 0). Suppose -2*m + 4*m = l. Is m a composite number?
True
Let v(d) = d**2 - 4*d + 5. Let m be v(4). Suppose 0 = m*r - r - 16. Suppose 0 = x - 2*x + 5, r*g = -2*x + 158. Is g a prime number?
True
Suppose 209 = f - 7. Let v = -137 + f. Is v a prime number?
True
Suppose -2 = 2*a - 3*a. Suppose 5*l + 48 = a*l. Let h = -5 - l. Is h a composite number?
False
Let d = 292 + -133. Is d composite?
True
Suppose 0 = 3*s - z - 3, 0*z - 4*z = -12. Let w = -8 + 13. Let i = w - s. Is i a prime number?
True
Let v be 1874/10 - (-8)/(-20). Suppose -5*i + 2*h = -285, -h = -3*i - 3*h + v. Is i a prime number?
True
Let y(d) = 36*d**2 + 2*d - 1. Is y(-3) a prime number?
True
Let v(w) = 2*w + 197 - w + 35 + 5. Is v(0) composite?
True
Suppose 2*h = -15*h + 13379. Is h a composite number?
False
Let z be 0/(9/(0 - -3)). Let h(w) = w**2 + 51. Is h(z) prime?
False
Let v(r) = r**3 - 5*r**2 + 6*r - 1. Let q be v(4). Suppose q*h - 155 = 2*h. Is h prime?
True
Suppose -5*s + 1 + 9 = 0. Suppose 4*k - t - 525 = 0, s*t + 4 = 2. Is k a prime number?
True
Suppose -p + 11 = 5*h, 5*h = -p + 2*h + 9. Suppose 0 = -v + p*v - 1675. Is v composite?
True
Suppose -3*f - 1 = -4*i - 3, -5*f = 2*i - 12. Suppose 143 = f*y + 33. Is y a composite number?
True
Let a(b) = 204*b**2 - 1. Is a(-1) a prime number?
False
Is (-21604)/(-12) - 2/(-3) composite?
False
Let n(h) be the third derivative of 3/2*h**3 - 2*h**2 - 13/24*h**4 + 0*h + 1/120*h**6 - 2/15*h**5 + 0. Is n(10) composite?
False
Suppose -2*r + 4*p + 108 = 2*r, 111 = 4*r - p. Suppose -3*t + t - 12 = 0. Let v = r - t. Is v a prime number?
False
Let w(b) be the second derivative of -b**6/120 + b**5/15 + b**4/6 + b**3/6 - 3*b**2/2 - 3*b. Let k(l) be the first derivative of w(l). Is k(3) a prime number?
False
Let q = -226 - -4031. Is q a prime number?
False
Suppose 0 = 9*f - 10*f - 3*d + 2767, 4*d = 2*f - 5514. Is f a composite number?
True
Suppose 0 = 2*d + 4*q - 2*q - 18, -4*d - 3*q = -31. Suppose -o = -k + 4*k - 40, d*k + 159 = 3*o. Is o composite?
True
Suppose 2*t = -0*t + 200. Is (t/(-35))/((-2)/7) a composite number?
True
Let f = -4 + 6. Suppose f*n - 5 = -3*n. Let j(q) = 45*q + 1. Is j(n) composite?
True
Suppose -3*g = -4*n - 5*g + 4, -2*g = 5*n - 7. Let x = -28 + 40. Let z = x + n. Is z a composite number?
True
Let y(s) = s. Let d(z) = -30*z - 2. Let o(k) = d(k) - 4*y(k). Let a be o(-5). Let c = a + -79. Is c a prime number?
True
Is (-2583)/6*2/(-3) composite?
True
Let w be 2 + 2 + 3 + -2. Suppose 0 = h + 5*s - 4 - 15, 23 = 2*h - w*s. Is h composite?
True
Let b = 2 - -2. Suppose -1685 = -b*f + 3*a, -f + 3*f = 2*a + 844. Is f composite?
False
Is (-2)/((-4)/10) + 2 a composite number?
False
Let k(o) = 18*o**2 + 5*o - 2 + 2*o - 8*o**2 - 7. Is k(8) composite?
True
Suppose 4*v + 2*q = -3*q + 103, -q - 41 = -2*v. Is v a prime number?
False
Is (-1)/(-5) - 588/(-10) composite?
False
Suppose 0 = 2*n - 4 - 2. Suppose -6*h + h + 35 = 5*j, n*h - j - 21 = 0. Is (-2)/h - 135/(-7) composite?
False
Suppose -6*o + 5293 = -9479. Is o composite?
True
Suppose 4*b = 3*b + 26. Is b composite?
True
Is 4/10 + (-3865)/(-25) composite?
True
Suppose -5*a + 27 = -2*l, -5*l = 3*a - 0*l - 41. Let v = a - 4. Suppose -5*f = 2*q - 0*q - 193, v*q - 5*f - 252 = 0. Is q prime?
True
Let f(i) = -18 + 2*i - 14 + 17. Let x be f(10). Suppose -x*d + 423 = -182. Is d prime?
False
Let w(c) = 11*c**2 + 15*c + 17. Is w(16) a composite number?
True
Let b = -710 + 1689. Is b a composite number?
True
Suppose h + 2*c = 49, -h - 2*h = 4*c - 147. Is h a prime number?
False
Let b(v) = 8*v**2 + 4*v - 3. Let m be b(2). Suppose 5*h = -2*q + 44, 3*h + 2*q + 13 = m. Is h a composite number?
True
Let x be (-1048)/6 + (-4)/(-6). Is ((-1)/2)/(1/x) a prime number?
False
Let m(a) = -24*a**3 - 9*a**2 - 2*a. Is m(-5) a composite number?
True
Suppose 0 = 2*k + 2*k + 4, 2*k = 2*b - 242. Suppose 7*v - 2*v = b. Let f = v + 27. Is f a prime number?
False
Suppose 4*h = 8*h - 732. Is h a composite number?
True
Suppose -t + 4*t + 197 = 2*c, 2*c - t = 191. Suppose c = -0*p + 2*p. Is p a composite number?
False
Let c(j) = 201*j - 50. Is c(11) prime?
True
Let y be (-20)/(-4) - (-1 - -4). Suppose -19 - 31 = -y*o. Is o prime?
False
Let n be 295/(-4)*(-12 + 4). Suppose 7*h = -2*i + 2*h + 635, -2*i + 4*h = -n. Suppose -2*w + 5*g + i = 3*w, -g = -4. Is w a composite number?
True
Suppose g + 4*g = 0. Suppose -2*c + 0 = -4, -v - 2*c + 261 = g. Is v a prime number?
True
Suppose 28 + 116 = 6*h. Is h/(-108) + (-346)/(-18) composite?
False
Is (3/(-12)*-4 - 42)*-17 prime?
False
Let w be 141 - 1 - (0 + -1). Let z = w - 218. Let g = z + 132. Is g a composite number?
True
Let h(y) = -y + 2. Let m be h(-5). Let z = m - 4. Is z prime?
True
Let b(u) = u**2 + 9*u + 18. Let a be b(-6). Is (-89 - a)/(0 - 1) a composite number?
False
Let n(x) = -x**2 + 3*x + 3. Let h be n(3). Suppose 0 = -h*y + 236 + 463. Is y composite?
False
Suppose 0 = 2*p - p + 15. Let c be p/(((-9)/(-21))/(-3)). Suppose c = 3*z - 5*y + y, -35 = -z - 2*y. Is z a prime number?
False
Let d be (-1 - (-3)/3)/(-1). Suppose d*s = -5*s + 190. Is s prime?
False
Let b be 11/(-11) - (0 + 354). Let s = -246 - b. Is s a composite number?
False
Let h = -61 - -30. Let c = h - -114. Is c a prime number?
True
Let i be (-74)/(-8) + 1/(-4). Let d(r) = 7*r**2 - 7*r - 7. Is d(i) composite?
True
Let i(y) = 53*y - 2. Is i(5) a prime number?
True
Let c(l) = 4*l**3 - 33*l**2 + 3*l - 21. Let p(k) = k**3 - 8*k**2 + k - 5. Let q(s) = 2*c(s) - 9*p(s). Is q(4) a prime number?
True
Let h(d) = d**2 - d - 2. Suppose 2*b - b + 7 = 0. Let s = 11 + b. Is h(s) a composite number?
True
Suppose -4*q + 5444 = -0*q. Is q composite?
False
Let k = 17 - 10. Let c(w) = 10*w - 5. Is c(k) a composite number?
True
Suppose -4*p + 3*z - 14 = -8*p, 5*p + 2*z = 21. Let f(c) = c + 6*c**2 + c**3 + 3 - p + 1. Is f(-3) prime?
True
Let k = 2763 + -1249. Is k prime?
False
Let o = 10 - 7. Suppose -o*c - j + 701 = 0, -c - 3*c + 4*j + 956 = 0. Is c a prime number?
False
Let v be (412/(-10))/((-1)/(-5)). Suppose -5*o + 1282 = -523. Let i = v + o. Is i prime?
False
Suppose 5*v - 2*m = 79, 74 = 5*v - 5*m - 11. Is v a prime number?
False
Let z(p) = -p**2 - 9*p - 9. Let w be z(-7). Let c = 6 - w. Is (c + 20 + -2)*1 composite?
False
Let h = -1970 + 3393. Is h composite?
False
Let l be 2 + (-2 + 1)*7. Let n(b) = -2*b - 2. Let g be n(l). Suppose -g = 4*j - 68. Is j a prime number?
False
Let j(c) = c**3 - 2*c + 1. Let t be j(-2). Let g(w) = -6*w**3 - w**2 + w - 1. Is g(t) composite?
False
Suppose -l + 2*t = 4*t - 699, -3*l - 3*t + 2085 = 0. Is l prime?
True
Let v(g) = -g**3 + g**2 - 4*g + 4. Let j be v(-5). Suppose -5*p - 470 = -n, p - 2*n = -33 - 52. Let w = j + p. Is w composite?
False
Let h = -34 + 183. Is h a composite number?
False
Let h = 59 - -8. Is h a composite number?
False
Let s be (-11)/22 - 3/2. Is s*1/(-4)*470 composite?
True
Suppose 111 = 8*y - 409. Is y composite?
True
Suppose -4*x = -2*c + 10, x + 0 = c - 5. Let j(p) = -p - 1. Let m be j(-5). Suppose x = -k - m*y + 17, -5*k + 2*y + 41 = -0*y. Is k composite?
True
Let p be ((-3)/(-5))/((-1)/(-5)). Let t(n) = -n + 3. Let o be 